 = 4*f - l*n. What is the units digit of f?
1
Let n = 7 + 0. What is the units digit of n?
7
Let p = -120 + 340. What is the units digit of p?
0
Let a(v) = -v**2 + 3*v + 2. Let n be (8 + 2)*2/(-4). Let m be a(n). Let l = -21 - m. What is the tens digit of l?
1
Suppose 110 = 2*u + 16. What is the tens digit of u?
4
Let k(w) = -2*w**3 - 2*w**2 - 3*w - 3. Suppose -4*h = 3*s + 14, 4*h = -0*h + 2*s - 4. What is the units digit of k(h)?
1
Let r be 188/5 - 10/(-25). Suppose -5*q = -7 - r. What is the units digit of 20/q + (-6)/27?
2
Suppose -4*h = -2*t - 188, 3*h = -t - 0*t + 141. Let s = h - 29. What is the units digit of s?
8
Suppose 0*c = 6*c + 48. Let i = -6 - c. What is the units digit of i?
2
Suppose 0 = -15*u + 12*u - 51. Let q = u + 20. What is the units digit of q?
3
Suppose -4*l = -8, -2*l - 11 = -7*f + 2*f. Suppose 3*w - d - 8 = 0, 5*w + d - 5 - 3 = 0. What is the units digit of w + -6*(-2)/f?
6
Let d(s) = 32*s**2 - s - 2. What is the tens digit of d(-1)?
3
Let o(j) = 3*j**2 - 2*j**3 + 5*j + 7 - 5*j**2 - 4*j**2 + 3*j**3. What is the tens digit of o(6)?
3
Let j(s) = 5*s + 4. What is the hundreds digit of j(23)?
1
Let m = -110 - -229. What is the hundreds digit of m?
1
Let v(f) = 5*f + 4. What is the units digit of v(4)?
4
Let z = -342 + 575. What is the tens digit of z?
3
Let h = 12 + -7. Suppose h*x = 11 + 54. What is the units digit of x?
3
Suppose 0 = 3*q - 2*q. Suppose q = l - 32 - 5. What is the tens digit of l?
3
Let g(k) be the first derivative of k**3 + 2*k**2 + 3*k - 1. Let a be g(-4). What is the units digit of (30/a)/((-2)/(-14))?
6
Let r(z) = z**2 + 4*z - 3. Let d be r(-5). Let x = 6 + -3. Suppose -d*u - x*u = -5. What is the units digit of u?
1
Let n be 3 + (-1 - 0/2). Suppose 3*f - 14 = -s, n*f - 3*s = -0*s + 2. What is the units digit of f?
4
Suppose -4*x - 188 + 60 = 0. What is the units digit of 1/(1/(0 - x))?
2
Let l(k) = -4*k**2 + 6*k**2 + 18*k - 6*k. What is the units digit of l(-8)?
2
Let h(l) = 2*l**3 - 5*l**2 + l - 4. Let r be h(4). Suppose r = 4*j - 5*s, -3*s - 20 - 20 = -4*j. What is the units digit of j?
7
Let k = 542 - 345. What is the units digit of k?
7
What is the tens digit of (-3)/((-1515)/(-2313) - (-2)/(-3))?
5
Let t(i) = -i**3 + i**2 + 3*i - 1. Let c be t(3). Let r = -2 - 4. What is the units digit of (-24)/c*(-20)/r?
8
Suppose 23*w - 252 = 20*w. Let m = w + -46. What is the units digit of m?
8
Let g be 0*(-1 - 9/(-6)). Suppose w + 2 - 9 = g. Suppose -4*i + 3*i = -w. What is the units digit of i?
7
Suppose -5*y = -63 - 42. What is the tens digit of y?
2
Let g(b) = b**3 + 14*b**2 + 11*b + 5. What is the tens digit of g(-4)?
2
Let t = -142 + 259. What is the tens digit of t?
1
Suppose 5*y + 133 = 5*n + 528, y + 164 = -2*n. What is the tens digit of 2/((-6)/n) + -1?
2
Let i(v) = -2*v + v + v**2 - 3*v + 5*v + 1. Let r be i(0). Suppose -3*q + d + 25 = 0, 2*q - 3 = -3*d - r. What is the units digit of q?
7
What is the tens digit of (-2)/(-6) + 948/18?
5
Suppose 4*x = -5*w - 2, 9 - 1 = -4*w. Let r = x + 2. Suppose -4*g = -r*q + 16 + 4, -g - 3 = 0. What is the units digit of q?
2
Let i(q) = -2*q + 9. Let v be i(6). Let s be v*(208/(-6))/4. Suppose 10 = -4*m + s. What is the units digit of m?
4
Let p = -10 - -12. Suppose -4 = -p*z, x - 13 = 5*z - 3. What is the units digit of x?
0
Suppose -4*t + 0*l = l - 133, -t + 4*l + 46 = 0. Let m = t - 23. Let k = -3 + m. What is the units digit of k?
8
Suppose -5*h + 42 = -4*h. Suppose 2*b + 6 = 2*n - 6, 5*n - b = h. What is the units digit of n?
9
Let i be 2 - 1*(3 - 1). Suppose -x + 5*j - 32 = -i*x, 3*x + j + 32 = 0. What is the tens digit of 3 + 7/((-7)/x)?
1
Let d = -15 + 39. What is the units digit of d?
4
Let p(v) = -v**3 - v**2 + 3. Let l be p(0). Suppose l*z = -0 + 6. What is the units digit of z?
2
Let v(j) = -j**2 - 5*j - 2. Let c be v(-2). What is the units digit of 36/(-8)*c/(-3)?
6
Let u be 9*1/((-3)/2). Let m = -14 - u. What is the units digit of 6/m*4*-2?
6
Suppose -3*b - 2*h = -h - 51, 3*h - 45 = -3*b. Let g(m) = -20*m**2 + m**3 + 1 - 14*m + b - 3 + 8*m**2. What is the units digit of g(13)?
3
Suppose 2*z = 144 + 82. Suppose -5*q + z = -12. What is the units digit of q?
5
Let t = 134 + -56. What is the units digit of t?
8
Let f = 6 - 2. Let n be ((-30)/f)/5*4. Let u(y) = -y + 2. What is the units digit of u(n)?
8
Let v be (3/2)/(3/10). Suppose g + 3*g + 12 = 0, -k = v*g + 2. What is the units digit of k?
3
Let m(t) = t**3 - 3*t**2 + 2*t + 4. What is the units digit of m(3)?
0
Let r = 190 + -89. What is the hundreds digit of r?
1
Suppose 0 = 4*x - 13 + 1. Suppose 2*p + x*p = 115. What is the tens digit of p?
2
Suppose -u = -4*u - 30. Let o = u + 14. Suppose -2 = o*t - 14. What is the units digit of t?
3
Let m(f) = -41*f - 2. Let c be m(-1). Suppose q = c - 5. What is the units digit of q?
4
Let p = 7 + 1. Let m be ((-16)/6)/(34/(-51)). Suppose -m*a + 88 - p = 0. What is the units digit of a?
0
Let t be 7/4 - 5/(-20). Suppose -o - 95 = t*h, -5*o = 4*h - h + 160. What is the units digit of ((-12)/15)/(6/h)?
6
Let j(b) = -5*b**2 + 3*b**2 + 4*b**2 - 3*b + 3 + b**3. Let x be j(-3). Suppose -5*f + 33 = t + 3*t, x*t - 16 = -2*f. What is the units digit of f?
5
Suppose -259 = -4*n + b, -2*n - 3*n - 5*b = -305. What is the tens digit of n?
6
Let z(c) = -2*c + 12. Let o be z(8). What is the units digit of 426/27 + o/(-18)?
6
Let l be (8/(-20))/(1/(-15)). Suppose 2*m + 2*f = 38, 5*m - l*f = -2*f + 50. What is the tens digit of m?
1
Let t(k) = k + 6. Let s be t(-3). Suppose z = -3*m + 20, 0*z + s*z = -4*m + 20. What is the units digit of m?
8
Let q(k) = -k. Let a be 2/(-1)*(-3)/(-2). What is the units digit of q(a)?
3
Let l(z) be the second derivative of z**3/3 - 11*z**2/2 - 5*z. What is the units digit of l(8)?
5
Suppose 11 = 4*v - 1, 323 = 4*k + 5*v. Suppose k + 48 = 5*x. What is the tens digit of x?
2
Suppose 2*x = 5*x - 153. What is the tens digit of x?
5
Let f = 24 + -41. Let z = 24 + f. Suppose -z = -4*y + 5*k, -y + k - 1 = -3*k. What is the units digit of y?
3
Suppose 0 = 6*s - s + 5. Let t be s - (-1 + 2) - -6. Suppose -5*u + 4*c = -22, -2*u + t*c - 3*c + 7 = 0. What is the units digit of u?
2
What is the units digit of (-3)/(30/(-4))*10?
4
Suppose 4*i - 2 = n - 8, -5*i + 6 = n. Suppose -1 + n = s. Suppose -4*r + 7*r - 26 = -4*d, r + s*d - 27 = 0. What is the units digit of r?
2
Suppose q + q = 48. Suppose 4*t = 2*o - 12, 0 = 4*o - 0*t + 2*t - q. Suppose 0 = -b + 3 + o. What is the units digit of b?
9
Let p(c) = c**2 - 2*c + 2. Let m be p(4). Suppose -o = -3*o + m. What is the units digit of o?
5
Let j(c) be the second derivative of -5*c**3/6 + 2*c**2 + 9*c. What is the units digit of j(-3)?
9
Suppose -s + 36 = 5*n, 3*n + 9 = s - 19. Suppose -f - 11 = -s. What is the units digit of f?
0
Suppose 28 = 4*s + 2*y, 0*y + 7 = s - 2*y. What is the units digit of s?
7
Suppose 2*a - 13 = 1. Suppose 2*j - 21 = -a. Suppose -c = -7*k + 2*k + j, -3*c - 11 = -5*k. What is the units digit of k?
1
Let v be (-3)/((-15)/4)*5. Suppose v*r = -27 + 67. What is the units digit of r?
0
Let b(k) be the third derivative of -k**5/60 + k**4/8 + k**3/6 + 2*k**2. Let z be b(2). Suppose -s - 16 = -z*s. What is the units digit of s?
8
Suppose 9 = 2*t + 3*m, -5*t + 3 = m - 0*m. Suppose t*q + 20 = 2*q. What is the tens digit of q?
1
Suppose -2*j = -j - 6. Suppose 33 = 3*o - j. What is the units digit of o - (-1)/(-2)*4?
1
Let a(t) = -t**2 - 5*t + 6. Suppose 2*w + 0*w + 14 = 0. Let j be a(w). Let f(y) = -2*y - 7. What is the units digit of f(j)?
9
Let w(c) = -2*c - 5. Let b be w(-5). Suppose -z - z - 16 = -2*v, -4*v = -b*z - 28. What is the tens digit of v?
1
Let o be (-42)/(-8) + 1/(-4). Suppose 0*v = o*v - 5. Let n = 2 - v. What is the units digit of n?
1
Let m(s) = -2*s**3 + 4*s + 2. What is the hundreds digit of m(-4)?
1
Suppose 450 = 5*o - 3*w, -4*o = 2*w + 2*w - 328. What is the units digit of o?
7
Let m(v) = -v**3 - 12*v**2 - 10*v + 12. What is the units digit of m(-11)?
1
Suppose -3*x = -4*c + 2*x + 621, -5*c + 766 = 4*x. What is the hundreds digit of c?
1
Let m = -2 + 1. Suppose -c = 5*i - 11, -3*c - 3*i + 9 = -0. What is the units digit of (-3 + 1 + c)*m?
1
Let d(w) = w**3 - 6*w**2 + 6*w - 2. Suppose -2*o = 4*f - 18, -7 = -4*f - o + 12. What is the units digit of d(f)?
3
Let q be 15/6